 + 15162. Calculate the highest common factor of d and v.
48
Let u(w) = w**2 + 10*w + 20. Suppose -k + 16 = -3*k. Let y be u(k). Suppose 0 = -7*t - 0*t + 28. Calculate the greatest common divisor of y and t.
4
Let d be (131 - 4879/41) + (-9 - -1)/(-2). Let j = 483 - -301. Calculate the highest common factor of j and d.
16
Suppose 9 - 3 = -q. Let u be ((-24)/20)/(q/10). Suppose 50 = 3*m + u*m - t, -40 = -4*m - 2*t. What is the highest common factor of 40 and m?
10
Let j = 226 + -114. Let w = 959 + -924. Calculate the greatest common divisor of w and j.
7
Let g = -7974 - -12138. What is the greatest common divisor of g and 96?
12
Let k be (-30)/(-12)*-5*4/(-5). Let u(q) = -10*q + 104. Let j be u(k). What is the greatest common factor of j and 41?
1
Let x(i) = 31*i**2 - 222*i + 1322. Let s be x(6). Calculate the highest common divisor of 79 and s.
79
Suppose 177*k = 497*k - 494400. What is the highest common divisor of 4944 and k?
309
Suppose 0 = 4*a - 1427*f + 1432*f - 7584, -f + 5677 = 3*a. Calculate the highest common divisor of a and 744.
31
Suppose 39*s - 33*s - 12 = 0. Suppose l - 3*i = i + 52, 0 = -l + s*i + 50. Calculate the greatest common factor of l and 96.
48
Let f(n) = 19*n - 38. Let v be f(2). Suppose v = -4*d + 3*i + 151, -5*d + 2*i + 151 = -43. What is the highest common divisor of 260 and d?
20
Suppose -3*w = 4*q - 272, 4*w + 0*q - 358 = -3*q. Suppose -14*s + 10*s = -w. What is the highest common divisor of 44 and s?
22
Suppose -2*k + 2*r + 187 = -487, 4*k + 2*r = 1342. Suppose 23*n + k = 30*n. Calculate the highest common divisor of 80 and n.
16
Suppose 12*t + 5*n = 10*t + 1102, -t = -n - 544. Calculate the highest common divisor of 336 and t.
42
Suppose 16*s - 12*s = -2*h + 296, 2*s - 634 = -4*h. Calculate the greatest common factor of 1053 and h.
81
Let s = 30208 - 27842. What is the greatest common divisor of s and 2535?
169
Let h(r) = -r**3 - 22*r**2 - 28*r + 297. Let x be h(-20). What is the highest common factor of x and 42?
3
Let w(b) = b**2 + 7*b + 10. Let k be w(-6). Suppose 5*l + s = 473, 0 = 3*l + k*s - 3*s - 283. Let f = l - 65. What is the highest common factor of 150 and f?
30
Let w be (-567)/45*185/(-111). Suppose -3*f - 2*f = 0, 6 = 2*u - f. Calculate the highest common factor of w and u.
3
Let c(p) = 5*p**2 - 5*p - 32. Let w be c(8). Let v be ((-32)/10 - 4/(-20)) + w. Calculate the highest common factor of 98 and v.
49
Suppose -6*f - 640 = -10*f - 4*f. Calculate the greatest common factor of f and 180.
20
Let v(h) = -4*h**2 + 174*h - 171. Let p be v(42). What is the highest common divisor of 11583 and p?
81
Let i = 17724 + -11287. Calculate the highest common factor of 41 and i.
41
Suppose -4*j + o = -357 - 77, 3*j - 4*o - 332 = 0. Let h = -4756 + 4801. What is the highest common divisor of j and h?
9
Let z = 1776 + -1706. What is the highest common divisor of 1078 and z?
14
Let w = 28323 + -28306. Calculate the greatest common factor of 60299 and w.
17
Suppose -2*u = 4*n - 200, 2*u = n - 2*n + 56. Let s(b) = 27*b. Let o be s(8). What is the greatest common divisor of o and n?
24
Let x = 51 - 3. Suppose 2*n + 6*n - x = 0. Suppose -n*y + 118 = -14. Calculate the highest common factor of 88 and y.
22
Let n be 1 - (18/45 - 7647/5). Calculate the greatest common factor of n and 2890.
170
Suppose -51226 = -24*g - 18154. What is the highest common factor of 78 and g?
26
Let m be 5 - (-14)/(-4)*8/14. What is the highest common factor of 3909 and m?
3
Let u = 4188 - 4182. Calculate the highest common divisor of u and 12960.
6
Suppose 3*z = o + 2, 0 = 5*o - 2*o - 2*z - 22. Suppose -o - 20 = -3*b. Let k be (-1 + -3)*(-1)/2. Calculate the highest common factor of k and b.
2
Let g(t) = -t**2 + 186*t - 896. Let n be g(5). What is the greatest common divisor of 3933 and n?
9
Let w = -644 - -1289. Calculate the highest common divisor of 195 and w.
15
Let p = 90 - -29. Let u(y) = -y**3 - 9*y**2 - 2*y - 1. Let j be u(-9). What is the greatest common divisor of p and j?
17
Let l(a) = -23*a + 43. Let x(u) = 11*u - 23. Let t(j) = -6*l(j) - 11*x(j). Let b be t(1). What is the greatest common divisor of b and 51?
3
Let i = 8426 + -8340. Calculate the highest common divisor of 172 and i.
86
Let m be (-3)/(-2) + 3795/10. Let l = m - 210. Let y(b) = -b**2 - 54*b - 226. Let d be y(-49). Calculate the greatest common divisor of l and d.
19
Suppose -5*j - 5*v - 102 = 28, v - 58 = 2*j. Let a be (j/(-2))/(19/38). What is the highest common factor of a and 70?
14
Let g(k) be the first derivative of -k**4/4 - 8*k**3/3 - k**2 - 12*k - 10. Let w be g(-10). Calculate the greatest common divisor of 39 and w.
13
Let t(y) be the second derivative of y**5/20 - y**4/3 + 7*y**3/6 - 23*y**2/2 - 2*y + 17. Let j be t(6). What is the highest common factor of 104 and j?
13
Let t be 2/((-4)/50)*(27 + -12 - 17). What is the greatest common factor of 75 and t?
25
Let w be ((-63)/(-27) - 6)*(4 + (-3 - 4)). Let b(z) = -z**3 - 9*z**2 - 8*z + 11. Let o be b(-8). Calculate the highest common factor of w and o.
11
Suppose -43 = -2*g - 3. Suppose 2*q - g = q. Suppose 3*m + q = 7*m. What is the highest common divisor of m and 40?
5
Suppose 8*d - 1518 = -0*d - 61*d. Calculate the greatest common divisor of d and 14.
2
Let k be -3 + (-64)/(-10) + 24/40. Suppose k*s = 123 + 1. Suppose 3*w - 124 = w. What is the highest common divisor of w and s?
31
Let z(v) = 13*v + 63. Let x be z(-4). Let y(l) = -5*l**2 - 1. Let q be y(-1). Let g = 7 + q. Calculate the greatest common divisor of x and g.
1
Let p = -73 - -99. Suppose 36 = d - p. What is the highest common factor of 93 and d?
31
Suppose -55*u - 182*u = -383940. What is the greatest common divisor of 20 and u?
20
Let y = 50 - 44. Let j be 40/(-30)*(-4)/((-8)/y). Let z be ((-10)/(-3))/(j/(-294)). What is the highest common factor of z and 35?
35
Let p(m) = m**3 - 12*m**2 + 28*m - 6. Let j be p(9). Suppose -76 = -7*r + j*r - 2*w, 4 = 2*w. What is the greatest common divisor of 2 and r?
2
Suppose -1341 = -11*y + 1541. What is the greatest common divisor of 9694 and y?
262
Let k(p) = 2*p + 4. Let d = 36 + -33. Let i be k(d). Let t = -942 - -1022. What is the greatest common factor of t and i?
10
Let z(x) be the second derivative of -x**5/4 - 3*x**3 - 16*x**2 + 4*x - 2. Let h be z(-2). Calculate the highest common factor of 55 and h.
11
Suppose 0*d - 2*d = -720. Let o(t) = -t**3 + 8*t**2 + 11*t - 86. Let a be o(7). Calculate the highest common factor of a and d.
40
Suppose -i + 5 = -3*i - a, 0 = 5*i + 4*a + 14. Let k be i*(-4 + 25/10). Calculate the highest common factor of k and 21.
3
Let f be 7*(-45)/420*-28. Suppose 6*d = 8*d - 8. Suppose -d*v + v - c = -694, -5*v - c + 1156 = 0. What is the greatest common factor of v and f?
21
Suppose 0 = 3*k - u - 20, -4*k - 2*u = -0*u - 30. Suppose -k*m + 9*m = 0. Suppose 6*v - v - 45 = m. Calculate the highest common divisor of 9 and v.
9
Let v = 29343 + -20870. Calculate the greatest common factor of v and 1145.
229
Let w(v) = 5*v**2 - 3*v. Let t be w(2). Let d(a) = -30 + 8 - 21 + 19*a. Let x be d(3). Calculate the greatest common factor of x and t.
14
Suppose -2*z = -37 - 327. Let v = z - 160. What is the greatest common factor of v and 4?
2
Let v(o) = -159*o - 687. Let a be v(-5). What is the greatest common divisor of 16956 and a?
108
Let o = 20794 + -20688. What is the greatest common factor of o and 64?
2
Suppose -22 = -m - 18. Let n be (3/m + 0)/(23/368). Suppose -5*r = 5*v - 155, 3*v - 3*r - 89 = -2*r. Calculate the greatest common divisor of n and v.
6
Suppose -210*j + 212*j - 82 = -3*z, -2*j + z + 90 = 0. What is the highest common factor of j and 7557?
11
Suppose 476 = 6*b - 4*b. Suppose b = 18*a - 518. Calculate the highest common divisor of 12 and a.
6
Let s = 22563 + -22559. Calculate the highest common divisor of s and 888.
4
Let z = -705 + 867. Calculate the greatest common factor of 3969 and z.
81
Let o = -198 + 132. Let d be 11/o + 2341/6. What is the highest common divisor of 30 and d?
30
Let w be ((-4170)/(-40))/(2/8 + 0). Suppose 6*n - 153 = w. What is the highest common divisor of 76 and n?
19
Suppose 114*s + 256056 = 161*s. What is the highest common divisor of s and 12?
12
Suppose 4*z = 2*b - 1020, -326*z + 321*z - 531 = -b. Calculate the highest common divi